e remainder when l is divided by 14.
3
Let i be (-2 - (-2)/4)*-2. Suppose -i*o = -0*o - 234. Calculate the remainder when o is divided by 20.
18
Let c = -32 - 65. Let w = -67 - c. What is the remainder when (-1 - -3 - 1)*w is divided by 8?
6
Let h(q) = -2*q + 8. Let f be h(3). Let w(u) = 3 + 19*u**f - 3 - 1 - 2*u. Calculate the remainder when w(-1) is divided by 11.
9
Suppose 0 = -c + 5*g, 5*g - 17 - 3 = -3*c. Suppose -3*t + c*y + 14 = -t, -5*y - 16 = -3*t. Let b = 805 + -796. Calculate the remainder when b is divided by t.
1
Let z = 0 - -4. Let v be ((-3)/6)/(1/(-6)). Suppose 3*w - 32 = -z*t + 1, 30 = v*t + 4*w. Calculate the remainder when 22 is divided by t.
4
Let s = 27 + -8. Suppose 2*a = i - 14 - 14, 5*i = -5*a + 200. Calculate the remainder when i is divided by s.
17
Let z be 0/(-1) - (-1 - 10). Let o = z + 51. Suppose v + v - o = 0. What is the remainder when v is divided by 16?
15
Let r be (-5)/(-2) - (-3)/(-6). Suppose -19 = 5*b - 79. Calculate the remainder when b is divided by ((-1)/r)/((-2)/20).
2
Let l(w) = 20*w + 4. Let t = -59 + 60. Let k(s) = -s + 46. What is the remainder when k(0) is divided by l(t)?
22
Let y(i) = -i**2 + 11*i + 4. Let z = 3 - -8. Let v be y(z). Suppose v*b + 2 - 150 = 0. What is the remainder when b is divided by 19?
18
Calculate the remainder when (3*(-22)/(-8))/((-24)/(-3168)) is divided by 42.
39
Let y(d) be the first derivative of d**4/4 + 11*d**3/3 - 3*d**2/2 + 13*d - 4. Calculate the remainder when y(-11) is divided by (-12)/(-20) + 246/15 + -1.
14
Suppose 8*s = 7*s + 1, 4*l - 3*s = 285. What is the remainder when 287 is divided by l?
71
What is the remainder when 167 is divided by 7 + ((-29)/87 - 2/3)?
5
Suppose -27*w + 1397 = 47. What is the remainder when w is divided by 19?
12
Let u(k) = -97*k**3 + 3*k**2 + 2*k - 1. What is the remainder when u(-1) is divided by 45?
7
Let w(d) = -d**2 + 14*d - 19. Suppose 3*m = -4*z + 23, -3 = 2*z - 4*m - 9. Calculate the remainder when w(8) is divided by (8/z - 0)*5.
5
Let b be -6*(-4)/6 - -2. Suppose -72*j - 90 = -78*j. What is the remainder when j is divided by (b/(-4))/(6/(-32))?
7
Let b = -7 - -10. Let p(c) = -b*c + 9*c**2 - 2 - 4*c - 10*c**2. What is the remainder when 13 is divided by p(-6)?
1
Let u(g) = -g**2 - 14*g + 57. What is the remainder when 8 is divided by u(-17)?
2
Let g be (0 - -30)*(-1)/(-2). Let a = 23 - g. What is the remainder when 21 is divided by a?
5
Suppose -401 = -5*i + 2*y, 4*y = 2*i - 133 - 21. Suppose i = 6*j - 57. Calculate the remainder when j is divided by 8.
7
Suppose 3*a - 120 = -2*a. Suppose -4*n + 299 = -5*g, 164*n + 137 = 166*n - 5*g. What is the remainder when n is divided by a?
9
Let o be (8/14)/((-18)/(-42))*3. Suppose -4*q + 4*i = -20, 0*q + 5*i + 23 = o*q. Calculate the remainder when 7 is divided by q.
1
Let c = 13 - 12. Suppose -81 = -5*d + 34. What is the remainder when (19/((-399)/270))/(c/(-7)) is divided by d?
21
Suppose 4*k = 3*x + 145, -5*k + 85 = 2*x - 125. Calculate the remainder when 79 is divided by k.
39
Let y(b) = -b**3 - 5*b**2 - 6. Let k be y(-5). Let c = k - -12. Let g = 78 + -64. Calculate the remainder when g is divided by c.
2
Suppose 163 = 5*s - 3*h, -55 - 73 = -4*s + 3*h. Let n(z) = 4*z**2 + z + 4. What is the remainder when s is divided by n(-2)?
17
Suppose -9*u + 2 + 34 = 0. Let m(h) = h**3 + 5*h**2 - 7*h - 1. Calculate the remainder when m(-6) is divided by u.
1
Suppose -113 = -4*w + 143. Suppose 8*o - 3*o = -2*n + 172, 4*n + w = 2*o. What is the remainder when 99 is divided by o?
31
What is the remainder when 84/56 + 1077/6 is divided by 26?
25
Suppose -23718 = -105*m + 22797. Calculate the remainder when m is divided by 14.
9
Let c = -6 - -96. Suppose -7*x + c = -x. Calculate the remainder when 59 is divided by x.
14
Let w = 94 + -86. Let p = 13 - -2. Calculate the remainder when p is divided by w.
7
Let s = -47 - -22. Let z = 34 + s. Calculate the remainder when 15 is divided by z.
6
Calculate the remainder when (-11)/((-1573)/(-78)) - (-1816)/22 is divided by 22.
16
Let t be (1/3)/((-5)/30). Calculate the remainder when t*10*(-1)/((-4)/(-53)) is divided by 38.
37
Let p(m) = m**3 - 3*m**2 - 4*m + 2. Let t = 2 + 3. Let s be p(t). Suppose 4*d + 10 + s = h, -4*d = 4*h - 208. Calculate the remainder when h is divided by 13.
11
Let k = -1117 + 1178. Let o(d) = 2*d + 2. What is the remainder when k is divided by o(8)?
7
Let j(y) = y**3 - 2*y**2 + 3*y + 13. What is the remainder when 244 is divided by j(0)?
10
Suppose -f = 3 - 13. Calculate the remainder when 23 is divided by f.
3
Suppose 4*g + 441 = 2113. What is the remainder when g is divided by 15?
13
Let x = 34 - 73. Let z be ((2 - 0)*-1)/2. Calculate the remainder when (20/30)/(z/x) is divided by 9.
8
Suppose p = -0 + 2. Suppose -p*r + 5 = -5*s, 0 = -5*r + s - 13 + 60. Calculate the remainder when 29 is divided by r.
9
Suppose -2*u - 6 + 110 = 0. Suppose 7 + 3 = 2*l. Let d = l - -6. Calculate the remainder when u is divided by d.
8
Let r(b) = b**2 - 4*b - 3. Let c = 72 - 47. Let i be c/3 + 9/(-27). What is the remainder when 84 is divided by r(i)?
26
Calculate the remainder when 269 is divided by -2 - (9/15 - 326/10).
29
Suppose 0 = -4*j - 4*l + 44, 18 = j - 2*l - 5. Let y = j - 11. Suppose -1 = -d + 4*n + y, 53 = 4*d - 5*n. Calculate the remainder when d is divided by 6.
5
What is the remainder when (1*(-2)/(-4))/(292/6424) is divided by 2?
1
Suppose 3*n = 8*x - 10*x + 9, -4*x + 3*n = -27. Calculate the remainder when 57 is divided by x.
3
Suppose 4*n + 30*t - 29*t = 35, t = 2*n - 25. Calculate the remainder when 156 is divided by n.
6
Let v(r) = r**2 + 11*r + 18. What is the remainder when 71 is divided by v(-12)?
11
Suppose -l + 31 = 2*u, 2*l = -2*u + 46 + 16. What is the remainder when 433 is divided by l?
30
Suppose -37*v + 636 = -807. Calculate the remainder when v is divided by 5.
4
Let i(r) = -52*r - 4. Let l = 327 - 305. Calculate the remainder when i(-3) is divided by l.
20
Let z = 98 - 53. Suppose 0 = -x + z - 8. Calculate the remainder when x is divided by 8.
5
Suppose 46 = -f + 331. What is the remainder when f/6*(-8)/(-10) is divided by 21?
17
Suppose 0 = -33*b + 55*b - 770. Calculate the remainder when 49 is divided by b.
14
Let q = 59 - 58. What is the remainder when (86 - -3) + (0/1)/q is divided by 6?
5
Let l = 414 + -380. Calculate the remainder when l is divided by 24.
10
Calculate the remainder when 66 is divided by (1*(-90)/42)/(1/(-7)).
6
What is the remainder when 122 is divided by -2 + (-4076)/(-48) - (-4)/48?
39
Let t = 1 - -20. Suppose -3 = -2*k + 3*k, -u - 5*k = t. Let f(g) = -g + 11. What is the remainder when 66 is divided by f(u)?
15
Suppose -5*g - 4*p = -10, 2*g = 4*p - 0*p + 4. Let o(q) = 1 + 9*q + g*q**2 - 3*q**2 - 6 - 1. Calculate the remainder when o(7) is divided by 3.
2
Let w = 313 + -281. What is the remainder when 48 is divided by w?
16
Suppose -8*p = -13*p + 615. Let j = p + -58. What is the remainder when j is divided by 25?
15
Suppose -f - 4*a + 1 = 0, 3 = f - a + 7. Let m = f + 12. Calculate the remainder when m is divided by 4.
1
Suppose 9*y + 2*k - 70 = 4*y, y - 2*k - 2 = 0. Let m be (-25)/3 - 4/(-12). Let l = m + 15. Calculate the remainder when y is divided by l.
5
Suppose 4*a = p + 22, p = -10*a + 12*a - 10. Calculate the remainder when (39/(-9) - -1)*-6 is divided by a.
2
Suppose 14*b - 249 + 81 = 0. Calculate the remainder when 91 is divided by b/36 + 429/9.
43
Let p(d) = 3*d + 62. Let c(l) = 2*l - 3. Let m be c(-3). Suppose t + 0*t - 9 = 0. Calculate the remainder when p(m) is divided by t.
8
Let t(q) be the second derivative of -q**4/12 + 3*q**3/2 + 5*q**2/2 + 49*q + 1. Calculate the remainder when 48 - ((-1)/1 + 0) is divided by t(8).
10
Suppose 3*i + 54 = 2*l, -6*l + 3*i = -5*l - 24. What is the remainder when 479 is divided by l?
29
Suppose -2*z - 20 = -4*v, 2*z + 0*v + 25 = -v. Let x(b) = b**2 + 10*b - 10. What is the remainder when 39 is divided by x(z)?
11
Suppose v - 9 = 2. Let p(k) = k**3 - 10*k**2 - 10*k + 9. What is the remainder when 77 is divided by p(v)?
17
What is the remainder when 55 is divided by (-15)/(-2)*88/33?
15
Suppose -5*v = -4*u - 194, -3*v = 25*u - 26*u - 122. What is the remainder when v is divided by 16?
10
Suppose a = 2*a + q - 187, a + 5*q - 167 = 0. Suppose 